y o?
10
Let b = -104 - -195. Suppose 4*k + 0*k - 4*z = 80, -5*k = 4*z - b. What is the remainder when k is divided by ((-2)/(-3))/(4/30)?
4
Let g(w) = 27*w**2 - w + 1. Let p be g(1). Let c = p - 25. Suppose -c*i - i + 19 = 4*l, -44 = -3*i + l. Calculate the remainder when 51 is divided by i.
12
Suppose -60*j + 6125 = 545. Calculate the remainder when 1854 is divided by j.
87
Calculate the remainder when 203 is divided by (-1 + (-5)/(-15))/(0 - (-28)/(-2814)).
2
Suppose b + 11 = 2*b + 5*h, 4*h = -4*b + 28. Let s = -1198 + 1207. What is the remainder when ((-53)/(-2))/(3/b) is divided by s?
8
Let y be -7 + 0/(-2 + (1 - -3)). Calculate the remainder when y/((-7)/(-76))*(6 - 7) is divided by 11.
10
Let u = 17 + -4. Suppose q = -4*t + 3*q - 428, 0 = -3*t + 5*q - 314. Let g = -84 - t. What is the remainder when g is divided by u?
11
Let f(k) = 5*k**2 - 25*k + 16. Let b be f(4). Calculate the remainder when 133 is divided by 1/(-5) + 528/40 + b.
7
Let r be 330 + 8*6/(-12). Suppose -5*w = -3*u - r, 2*w + 4*u = -3*w + 312. What is the remainder when w is divided by 33?
31
Let j = -29 + 30. Let y(i) = 259*i - 1. Calculate the remainder when y(j) is divided by 104*((-1)/(-3) - 7/(-42)).
50
Suppose -22*f - 2922 = -28*f. Let w = f - 333. Let q = w - 71. What is the remainder when q is divided by 29?
25
Let q(t) = -73*t + 92. Let p = 292 + 256. Calculate the remainder when p is divided by q(1).
16
Let v = -27 - 221. Let n = -199 - v. What is the remainder when 139 is divided by n?
41
Let n = 154679 + -154657. Suppose o = -2*f + 213, -o + 3*f + f + 219 = 0. Suppose 0 = -2*g - 3*g + o. Calculate the remainder when g is divided by n.
21
Let r(y) = -2*y**2 + 221*y - 2344. Calculate the remainder when -4 + 421 - 1*-1 is divided by r(12).
18
Suppose -2*j - 87 = -3*m - 3*j, -5*m = 5*j - 145. What is the remainder when 172 is divided by m?
27
Let u(z) = 6*z**2 - 7*z + 6. Let s = -27623 + 27639. What is the remainder when u(4) is divided by s?
10
Suppose 10*i + 58 = -242. What is the remainder when 137 is divided by i/(5/1) + 32?
7
Suppose 22*c - 3405 = 1787. What is the remainder when c is divided by 64?
44
Suppose 0 = -1502*t + 1505*t - 2478. Calculate the remainder when 2481 is divided by t.
3
Let w = -95 - -106. Suppose -3 = b - 6. Suppose -w*m - b*m = -210. Calculate the remainder when 51 is divided by m.
6
Let i(o) = 2*o**2 + 10*o + 6. Let g = -7819 + 7852. What is the remainder when g is divided by i(-6)?
15
Let g(j) be the second derivative of -j**3/3 - 3*j**2 + 49*j. Suppose 3*o + 48 = u + 2*u, 50 = -5*o - 5*u. Calculate the remainder when 57 is divided by g(o).
17
Calculate the remainder when (36/(-48))/(12/(-2352)) is divided by 112.
35
Suppose -3*g + 144 = -2*g. What is the remainder when 287 is divided by g?
143
Calculate the remainder when (112/((-80)/10))/(6/(-18)) is divided by 22.
20
Let n(d) = d**2 - 2*d - 40. Let s be n(-10). Let t = s - 80. Suppose -l + 35 + 71 = t. Calculate the remainder when l is divided by 18.
16
Let y = -231 - -247. Suppose -90 = -21*q + y*q. What is the remainder when 195 is divided by q?
15
Let i = -35 - -37. Suppose i*w - 4*g = -16, 5*g - 6*g + 5 = 0. Suppose l - 14 + w = 0. What is the remainder when 32 is divided by l?
8
Suppose -4*g + 2*f + 3316 = 0, -4145 = -5*g + 26*f - 23*f. Calculate the remainder when g is divided by 83.
82
Suppose 15*w = -3*m + 13*w - 11, -w = 5*m + 16. Calculate the remainder when (1 - 16)*6/m is divided by 18.
12
Let t = 7471 - 6593. What is the remainder when t is divided by 44?
42
Let l = 5016 + -2577. What is the remainder when l is divided by 10?
9
Let c(i) = 2*i + 8. Let n be c(8). Suppose -4*k = p - 0*k - 8, -3*p = -3*k - n. Calculate the remainder when 29 is divided by p.
5
Calculate the remainder when 6 + (530*(-5)/(-30) - (-3)/(-9)) is divided by (-2)/12 + 124/24.
4
Suppose -7 = -3*j - 13, j = y - 72. What is the remainder when 123 is divided by y?
53
Suppose -1213 = -27*r + 16*r - 476. What is the remainder when 77 is divided by r?
10
Let s(p) = 31*p**3 - 2*p**2 + 15*p + 3. Calculate the remainder when s(3) is divided by 11.
9
Suppose -5*b = 7 - 22. Let a be 2048/48 - (-4)/b. Suppose -20 - a = -2*l. What is the remainder when l is divided by 17?
15
Let y(t) = -378*t**3 - 4*t**2 - 51*t - 47. Calculate the remainder when 1527 is divided by y(-1).
15
Suppose 27*k - 564 = 9372. What is the remainder when k is divided by 58?
20
Let u = -23 + 329. Suppose 5*m = -u + 566. Calculate the remainder when 925/9 - 2/(-9) is divided by m.
51
Suppose -33 = -3*q - 4*y, -26 = -q + 4*y - 15. Let p(c) = -26*c + 4. Calculate the remainder when p(-7) is divided by q.
10
Suppose 18*p - 20457 = 31401. Suppose 11*h + 395 - p = 0. What is the remainder when h is divided by 46?
42
Let j = 52 - 51. Suppose -7*l - j - 6 = 0. Calculate the remainder when l*(-3 + (2 - 25)) is divided by 14.
12
Let b = -7946 - -7964. What is the remainder when 444 is divided by b?
12
Let t = -2650 + 2859. What is the remainder when 640 is divided by t?
13
Suppose 33*j - 1279 - 4979 = -351. What is the remainder when 381 is divided by j?
23
What is the remainder when 5457 is divided by 816/24 - (-7)/(21/15)?
36
Suppose -2*v - a + 20253 = 0, -164*v + 163*v + 10134 = 2*a. What is the remainder when v is divided by 61?
59
Let o = -43 + 43. Suppose -2*m + 4*k - 12 = o, -3*k = 5*m + 31 + 25. What is the remainder when 20 is divided by 1 - (104/m - 24/(-60))?
9
Let n be ((-25437)/(-21) + 6/(-21))*3. Calculate the remainder when n/14*(0 - -2) is divided by 40.
39
Let i = -1799 - -1819. Let t = 59 + 38. What is the remainder when t is divided by i?
17
Let h = 56 - 56. Calculate the remainder when 377 is divided by (h - (0 + -3)) + 60.
62
Suppose 93*v - 9996 = 34*v + 31*v. What is the remainder when v is divided by 41?
29
Suppose 2*m + 139 = 4*g - 39, 185 = 4*g + 5*m. Let x = g + -42. Suppose -2 = 2*n, -2*u + 0*u + x*n = -47. Calculate the remainder when u is divided by 5.
2
Let i(j) = -67*j**2 + 5361*j - 47. Let q(p) = 87*p**2 - p. Calculate the remainder when q(1) is divided by i(80).
20
Suppose -3*p + 5*p - 86 = 0. Let x = p + 56. Suppose 0*y + 4*y - x = -3*h, 132 = 4*h + 5*y. Calculate the remainder when h is divided by 4.
1
Suppose -3*u + 1864 = 3*o + 331, 0 = -5*o - 2*u + 2558. Suppose 7*n - o = 1504. What is the remainder when n is divided by 29?
27
Suppose 12*z - 3740 = -152*z + 3312. Suppose 5*j + 5 = -5*k - 10, 4*j = 3*k + 9. Suppose -m - m + 252 = j. Calculate the remainder when m is divided by z.
40
Suppose 329 - 122 = c + 4*z, 0 = c - 5*z - 225. What is the remainder when 1077 is divided by c?
2
Let v(t) = 15*t + 63. Let d(r) = -133*r - 567. Let p(f) = 4*d(f) + 35*v(f). What is the remainder when 166 is divided by p(-11)?
12
Let a be (-948)/(-20) - (-2)/(-5). Suppose 34*f = a*f - 273. Suppose 398 = 3*c + 161. Calculate the remainder when c is divided by f.
16
Let n(t) = -t**3 - t**2 + 8*t + 24. Let f be n(0). Suppose s + 5*y = 24 + f, -y - 110 = -5*s. What is the remainder when 44 is divided by s?
21
Let r(u) = 20*u - 558. What is the remainder when r(55) is divided by 33?
14
Let z = -2579 + 2633. What is the remainder when 701 is divided by z?
53
Let n = 66 + 112. What is the remainder when n is divided by 114?
64
Let r(l) = l**3 - 75*l**2 - 149*l + 76. Calculate the remainder when r(82) is divided by 236.
234
Let w(d) = 181*d - 489. What is the remainder when 245 is divided by w(3)?
29
Suppose -42 = -b + 23. Suppose 2*j - 10*n - 789 + 485 = 0, 3*j = 5*n + 376. Calculate the remainder when j is divided by b.
47
Suppose 0 = -5*o - 4*g - 50, -31 = 4*o + 6*g - g. Let l(c) = c**2 + 5*c - 122. Calculate the remainder when l(o) is divided by 1.
0
Suppose 25 + 95 = -12*i. Let j(o) = -5*o + 86. Let s = -24 - -70. What is the remainder when j(i) is divided by s?
44
Let s(x) = -x**2 - 1. Let w(p) = -47*p**2 - 2*p - 4. Let u(r) = 5*s(r) - w(r). Let v = -196 - -207. What is the remainder when u(1) is divided by v?
10
Let j(i) = 2*i**3 - 23*i**2 - 41*i - 10. Let u be j(21). Calculate the remainder when u/60 - (-4)/(-30) is divided by 42.
41
Suppose 151*t - 20710 - 11171 - 15231 = 0. Calculate the remainder when 325 is divided by t.
13
What is the remainder when (-120)/(-9)*(187 + -40) is divided by 13?
10
Let c = -1969 + 2413. Calculat